1 (base 5) to base 9
756026
Convert 136156 (base 9) to base 3.
11020011220
What is -6b6387 (base 14) in base 5?
-1414313231
What is 37436 (base 12) in base 6?
1334510
What is 758a4 (base 11) in base 7?
636232
35201523 (base 7) to base 3
12211010221000
Convert 164e4 (base 15) to base 14.
1c341
Convert -190b2 (base 14) to base 9.
-105707
What is -13737844 (base 10) in base 9?
-27757701
-249527 (base 12) to base 13
-17b903
Convert 5053a (base 16) to base 5.
41012033
Convert -145567 (base 9) to base 15.
-1b754
What is 19420 (base 12) in base 6?
442440
Convert 42829 (base 13) to base 15.
2586a
-41545 (base 14) to base 3
-21222222110
Convert -1eade (base 16) to base 5.
-13010122
What is 216001 (base 8) in base 2?
10001110000000001
What is a971a7 (base 15) in base 7?
125423362
What is -15b8427 (base 13) in base 12?
-2424042
Convert 1314444103 (base 5) to base 9.
6150805
Convert -30103102110 (base 4) to base 3.
-20001211111020
What is 2c450 (base 13) in base 6?
1445535
What is 1423023 (base 7) in base 9?
320556
What is -3156543 (base 10) in base 2?
-1100000010101000111111
What is -40543236 (base 8) in base 16?
-82c69e
750a2 (base 11) to base 3
12112212110
Convert -3261403 (base 7) to base 10.
-401509
-204e2 (base 16) to base 8
-402342
What is -2282613 (base 9) in base 13?
-343428
What is -3402301332 (base 5) in base 3?
-112001010220221
What is 2132303003 (base 4) in base 14?
12d079
What is 1032221032 (base 4) in base 5?
40302001
1190278 (base 12) to base 16
34367c
What is -66276 (base 10) in base 16?
-102e4
Convert -334111 (base 9) to base 4.
-300302131
What is 5166517 (base 9) in base 3?
12012020120121
2359c4 (base 15) to base 3
10011211211211
-258956 (base 11) to base 9
-680388
What is 179c3 (base 13) in base 8?
131064
What is 821cdb (base 14) in base 4?
100232133021
41231514 (base 6) to base 14
22c43c
What is 51205002 (base 6) in base 10?
1462970
What is 127064 (base 8) in base 13?
173b6
What is -104044431 (base 6) in base 16?
-1c9243
1256310 (base 7) to base 2
101000011001101000
Convert -179bb (base 16) to base 14.
-27351
Convert -2222223 (base 5) to base 12.
-1a733
-2210011210212 (base 3) to base 6
-51414335
Convert -1034414 (base 5) to base 3.
-220211201
Convert 5a08 (base 15) to base 5.
1103013
-61b827 (base 13) to base 7
-25252454
32602123 (base 7) to base 11
1648372
48008 (base 10) to base 5
3014013
314430440 (base 6) to base 11
3144790
-1f617 (base 16) to base 13
-46674
What is 10434124 (base 5) in base 9?
151556
What is -505300 (base 10) in base 6?
-14455204
Convert 171539 (base 11) to base 13.
93b14
10320311130 (base 4) to base 2
100111000110101011100
1b4be (base 15) to base 3
11111211222
What is 167be (base 16) in base 15?
1c449
What is -1651500 (base 7) in base 14?
-60300
21002010200220 (base 3) to base 10
3762150
Convert 100000010111111001000110 (base 2) to base 6.
501521114
What is -a309c (base 13) in base 5?
-33323310
-1011000110110011100 (base 2) to base 10
-363932
-299226 (base 10) to base 11
-1948a4
1818315 (base 9) to base 4
3320022203
-13200420 (base 6) to base 9
-733483
Convert -4122322 (base 8) to base 9.
-2042226
-320042343 (base 5) to base 8
-5047435
Convert 151826 (base 12) to base 10.
355422
What is 141a35a (base 12) in base 3?
21120020011121
Convert -2a1722 (base 11) to base 14.
-c3786
1106223 (base 11) to base 6
105333253
What is -150520300 (base 6) in base 8?
-13717354
27376 (base 13) to base 4
101312101
-306003 (base 7) to base 6
-1042550
What is -1768345 (base 10) in base 8?
-6575631
Convert -196030 (base 10) to base 5.
-22233110
Convert -12442425 (base 6) to base 3.
-202211120222
Convert 4973297 (base 10) to base 7.
60162260
654c9 (base 14) to base 11
158229
44023123 (base 5) to base 13
1025a1
Convert -1011011010101111 (base 2) to base 15.
-dccc
What is 6250355 (base 8) in base 7?
20050035
Convert -100401413 (base 6) to base 15.
-23bec9
-101210342 (base 5) to base 13
-116114
1022112110112 (base 3) to base 2
10101010110000111001
101101010000110000101010 (base 2) to base 10
11865130
2695e (base 15) to base 13
4435a
a08b5 (base 14) to base 6
12134303
Convert -112012301 (base 4) to base 13.
-322a0
Convert -a3c6b (base 13) to base 3.
-112221201200
What is -5b6a2 (base 12) in base 4?
-132030122
What is 1210220120210 (base 3) in base 4?
3223002102
-c54c7 (base 13) to base 3
-200000100201
What is 302322303 (base 4) in base 9?
347076
-32c725c (base 13) to base 15
-157bb44
Convert -a6028 (base 12) to base 14.
-59504
36511621 (base 7) to base 13
8a3640
Convert -1af4d (base 16) to base 4.
-122331031
What is -114220363 (base 7) in base 9?
-14317004
What is 4a822 (base 13) in base 11?
94416
263431 (base 8) to base 14
25705
-10021100000 (base 3) to base 4
-33232023
Convert -339217 (base 10) to base 3.
-122020022121
-111000110010001101 (base 2) to base 12
-b2725
-1100110110001 (base 2) to base 16
-19b1
-1340031012 (base 5) to base 9
-6422104
What is -121011110100101 (base 3) in base 12?
-2a63631
Convert -4444089 (base 10) to base 2.
-10000111100111110111001
What is -1a4dc8 (base 14) in base 10?
-935684
What is -121250523 (base 6) in base 7?
-25422642
Convert 300741 (base 9) to base 3.
100000211101
10131321202 (base 4) to base 16
11de62
-a68bbd (base 16) to base 3
-202112112012222
-114048 (base 13) to base 11
-25a078
Convert -325dd (base 14) to base 4.
-131300313
Convert -32949 (base 14) to base 7.
-1020222
Convert 11010246 (base 7) to base 15.
139950
What is -299330 (base 13) in base 16?
-f9032
-170721 (base 15) to base 9
-2078874
What is -20000012021101 (base 3) in base 8?
-14133252
-25880 (base 14) to base 13
-32c9a
What is -13303056 (base 9) in base 11?
-3779146
Convert -2322234 (base 6) to base 12.
-5937a
Convert -533d (base 16) to base 5.
-1140214
Convert -1470895 (base 11) to base 15.
-34b6ee
316771b (base 12) to base 5
4343004302
1a8484 (base 12) to base 10
470692
Convert 101202020222 (base 3) to base 5.
23232343
What is 7094 (base 16) in base 4?
13002110
What is -3440501 (base 6) in base 2?
-101011000100110101
What is -ab65c (base 14) in base 2?
-1100101011101110010
Convert 5657531 (base 8) to base 5.
343003422
What is -31eb5 (base 16) in base 9?
-341427
Convert -1001465 (base 9) to base 3.
-1000001112012
Convert -16c2864 (base 13) to base 5.
-3343400002
What is 16604352 (base 7) in base 2?
110001110011001011011
What is -10443340200 (base 5) in base 4?
-230220103201
What is 10720 (base 10) in base 8?
24740
What is 324099 (base 11) in base 7?
4254550
What is 120414103 (base 5) in base 3?
1001110220022
Convert 5b472 (base 13) to base 2.
101000111100111101
Convert -21212202200212 (base 3) to base 11.
-2400469
What is -78881 (base 15) in base 3?
-201110210011
What is -452100 (base 9) in base 4?
-1002003030
Convert -417116 (base 9) to base 3.
-110121010120
-220212221110 (base 3) to base 2
-1110111100101110110
What is -1bccd (base 16) in base 5?
-12120434
Convert -2c7b5 (base 13) to base 9.
-138311
-211c9 (base 15) to base 7
-615144
Convert 16641411 (base 7) to base 10.
1640430
Convert 103314552 (base 6) to base 7.
21453560
Convert b8c49 (base 16) to base 7.
6301304
2111220201112 (base 3) to base 15
1b613e
Convert 22345324 (base 7) to base 13.
530c89
Convert -10222212202 (base 3) to base 7.
-445166
90d4b (base 16) to base 15
bab87
-1101101001001000101001 (base 2) to base 10
-3576361
What is -94514 (base 11) in base 15?
-2ac0d
Convert 123403111 (base 5) to base 10.
606656
What is 6263113 (base 8) in base 15?
22d327
What is 1b6788 (base 15) in base 2?
101000110101101011011
-1864134 (base 10) to base 7
-21562536
What is 1600888 (base 11) in base 5?
1200121211
Convert -74155 (base 8) to base 15.
-9204
What is 10422012 (base 5) in base 7?
532415
Convert -213233211 (base 5) to base 14.
-19b554
5779 (base 10) to base 6
42431
Convert -10101101111000100101 (base 2) to base 16.
-ade25
Convert 141d1a (base 14) to base 6.
22533540
What is 4121444 (base 5) in base 9?
112062
4181282 (base 9) to base 11
1299708
-1111000010100011000001 (base 2) to base 4
-33002203001
190260 (base 14) to base 11
554217
What is -30313131 (base 5) in base 6?
-5125143
What is -99a4d (base 14) in base 9?
-626834
What is -132236340 (base 7) in base 16?
-81e8f2
Convert -742908 (base 10) to base 11.
-468181
Convert 497a3 (base 12) to base 3.
12001122220
110221100222 